et k = 305 - r. What is the greatest common factor of k and 96?
3
Let i(o) = -o + 19. Let p be -21 - (-1 + -3) - -3. Let y be ((-32)/(-56))/((-2)/p). Let k be i(y). What is the greatest common factor of k and 30?
15
Suppose -o + 21*s + 198 = 25*s, -894 = -5*o + 4*s. Let k be (-1012)/(-26) - (-14)/o. What is the highest common factor of 429 and k?
39
Suppose -295 = 2*f - 411. Suppose -120 = -5*o + 10*s - 5*s, 2*o + 3*s = f. Calculate the highest common divisor of 65 and o.
13
Let n(j) be the third derivative of -7*j**4/24 - 86*j**3/3 + 3*j**2 + 26*j. Let d be n(-25). Calculate the highest common divisor of 7 and d.
1
Let c = -3043 + 3651. Calculate the highest common factor of 48 and c.
16
Let o(k) = k**2 + 13*k + 12. Let w be o(12). Let g = 76 + -52. What is the greatest common divisor of g and w?
24
Let r = 164 - 65. Suppose 3*q + 3*p + 1767 = 0, -2*p = 2*q + q + 1765. Let z = 596 + q. Calculate the highest common factor of z and r.
9
Let b be 2257/9 + 1 - (-12)/54. Suppose 4*i - 5*p = 67 + b, 3*i + 3*p = 246. Calculate the highest common factor of 189 and i.
27
Suppose 0 = 5*b - 3*f - 15 - 13, b - 16 = -2*f. Suppose -12*h + b*h = -16. Let u(a) = -a + 4. Let v be u(0). Calculate the greatest common divisor of h and v.
4
Let z = 26 - 94. Let i be 86 + -5 + -4*3/(-12). Let c = i + z. What is the greatest common divisor of 154 and c?
14
Suppose 0 = -4*v - n - 67, -2*v + 2*n + 2*n = 56. Let f = -221 - -161. Let j = v - f. Calculate the greatest common divisor of 28 and j.
14
Let w(a) be the first derivative of 1/3*a**3 + 2*a**2 + 8*a - 1. Let k be w(-4). Calculate the highest common divisor of 88 and k.
8
Suppose 5*k = 2*u + 37, 83 - 18 = 5*k + 5*u. Let b(v) = 2*v - 12. Let c be b(k). Calculate the highest common factor of 366 and c.
6
Suppose 0*l + l = 287. Suppose -6*f = -4*y - 2*f + 8, 4*f = 8. Let h(q) = q**3 - 2*q**2 + 9. Let b be h(y). What is the highest common divisor of b and l?
41
Suppose -4*z = -16, -3*z = -2*y - y + 285. Let t = -103 - -141. Suppose 69 = 3*d + 2*f - 40, t = d + f. Calculate the highest common divisor of d and y.
33
Let g = 20362 + -16772. Calculate the highest common factor of g and 50.
10
Let u be (-1)/(5 - 2 - 1)*-2. Suppose -9 = 4*n - u. Let t be (n/(-6))/((-6)/(-54)) - -8. Calculate the greatest common divisor of 33 and t.
11
Let c(g) = 15*g + 2313. Let y be c(-39). What is the highest common divisor of y and 360?
72
Let i(v) = -v**2 + 2*v + 411. Let x be i(21). Calculate the greatest common factor of x and 796.
4
Let d = 3037 - -1303. What is the greatest common divisor of 595 and d?
35
Let s be (-15)/(-6) - ((-7)/2)/(-7). Suppose -l = 4*m - 104, 289 = s*l - 2*m + 61. Let v = -16 + 30. Calculate the greatest common factor of v and l.
14
Let q = -133 + 65. Let f be q + (-1 - (-1 + 0)). Let y = 83 + f. Calculate the highest common divisor of 10 and y.
5
Suppose -3*t + v + 16 = 0, 5*v + 5 = -2*t - 7. Let i(x) = x**3 - 4*x**2 - 4*x + 21. Let d be i(t). Calculate the greatest common divisor of 45 and d.
5
Let d(w) = -w**2 - 11*w - 7. Let b(t) = 8*t**2 - 2*t - 1. Let h be b(-1). Let r = 5 - h. Let v be d(r). Calculate the highest common factor of 105 and v.
21
Let p(r) = 484*r - 1916. Let t be p(4). Calculate the greatest common divisor of 2890 and t.
10
Suppose 1270 - 250 = 85*b. Let k = -200 + 216. Calculate the greatest common factor of b and k.
4
Let j(f) = 2*f**2 + 6*f - 3. Let i be j(4). Let p be (-1)/((160/(-53) + 3)/(-27 - -28)). What is the highest common divisor of p and i?
53
Let m be 2096/36 - 48/216. Calculate the greatest common factor of 812 and m.
58
Suppose 0 = 13*k - 4*k - 4374. Let n = k - 446. What is the greatest common divisor of 168 and n?
8
Let w be 7*496/(-112) + 35. Suppose -8 = -c + 156. Calculate the greatest common divisor of w and c.
4
Let n(s) = -40*s**3 - 359*s**2 + s. Let w be n(-9). Calculate the highest common factor of w and 282.
6
Let f(r) = r + 14*r**3 - 15*r**3 + 3 - 9*r**2 + 6*r**2. Let t be f(-5). Calculate the highest common divisor of t and 3.
3
Let q = -3005 - -3180. Let r = 1 - -34. What is the greatest common divisor of q and r?
35
Let l(w) = -3*w - 3. Let i be l(-3). Suppose 0 = -19*p - 5180 + 1095. Let c be i/(-8) + p/(-20). Calculate the greatest common factor of 4 and c.
2
Let g(a) = 2*a**2 - 11*a - 3. Let m be g(6). Suppose 0 = m*u - 112 - 140. Let p be 2/12 - (-490)/u. Calculate the greatest common divisor of 9 and p.
3
Let w(j) = 139*j - 28. Let q be w(6). Suppose q + 166 = 36*k. Calculate the highest common factor of 9 and k.
9
Let z = 229 - 289. Let j be z/(-5 + (-201)/(-42)). What is the greatest common factor of j and 10?
10
Let f = -57 + 67. Let r = -28 + 28. Suppose -3*u + 246 = -2*a, r*u - 3*a = 3*u - 231. What is the highest common factor of f and u?
10
Let g = -2901 - -4626. What is the highest common divisor of 138 and g?
69
Suppose 0 = 3*l + 3*b - 60, -76 = -4*l - 0*b - 3*b. Suppose -4*c + 3*y = -0*c - 32, 0 = -2*c - 4*y + l. What is the highest common factor of c and 136?
8
Suppose 4*a = -2*f + 630, 5*a - 6*f = -4*f + 774. Suppose a = 8*u - 140. Let n = 563 - 304. Calculate the greatest common divisor of u and n.
37
Let q = 138 + -75. Let s be (-4)/18 - (-581)/q. Suppose 13*l - s*l - 84 = 0. What is the highest common divisor of l and 21?
21
Suppose 4*p + r - 16 = 0, 8*p - 7*p - 4*r - 21 = 0. Suppose -p*h = s - 51, -2*s - 2*h + 132 = 2*s. Calculate the greatest common divisor of 31 and s.
31
Suppose 5*k + 174 = 3*z + 35, 141 = 3*z - 3*k. Let b be z/(-120) - (-44)/10. What is the highest common factor of b and 18?
2
Let v be 8*(3/3 - 7). Let d be 32/v - 34/(-6). Let g be (-2 + 3 - d)*-2. What is the greatest common divisor of g and 16?
8
Let f be (2 - 6*4/48)*2. Let v be f - -46 - 0/(-24). What is the highest common factor of v and 441?
49
Let o be (16/(-96) - 22/12) + 322. What is the greatest common factor of o and 16?
16
Suppose -4*f = -2*f - 2*n - 86, 4*n + 43 = f. Suppose -13*r + 230 = -f. What is the greatest common factor of r and 3?
3
Let s be (2/14 + 680/(-56))/((-36)/81). What is the highest common divisor of 3474 and s?
9
Let o be (-20)/160 + 1923/24. Suppose -q + 119 = f + 2*f, 5*q = 10. Suppose g - f - 81 = 0. What is the greatest common factor of g and o?
40
Let w = 2970 - 1384. Calculate the highest common factor of w and 65.
13
Let g = -234 + 411. Let k = 186 - g. Calculate the greatest common divisor of k and 72.
9
Let y(m) = -45*m + 6594. Let j be y(138). Calculate the greatest common divisor of j and 24.
24
Let u = 3 - 3. Suppose -3*n + 2*c + 6 = u, -n - 5 = -4*c + 3. Let b be n/(-3 - -1) + 35. What is the greatest common divisor of 11 and b?
11
Let t be (-156)/(-15)*(-5)/(-2). Let a = -15 + t. Suppose -5*z = -3*z - 3*f - 16, 3*z + 3*f = 39. What is the highest common divisor of a and z?
11
Suppose -2*k + 2*m + 416 = 0, -413 = -0*k - 2*k - m. Let u(d) = 10*d + 78. Let y be u(16). Let a = y - 215. Calculate the highest common factor of k and a.
23
Let d = -3326 - -3470. What is the highest common divisor of d and 99?
9
Let f be -2*(3 + 12/(-4) - 2). Let m(r) = -3*r + 12. Let z be m(f). Suppose 5*x + 15 = 0, 15 = -z*q + q - x. What is the greatest common divisor of q and 108?
12
Let z(y) = 2*y**2 + 361*y - 721. Let h be z(2). What is the greatest common factor of h and 2277?
9
Let i(r) = 3*r + 3. Let g be i(-4). Let o = 33 + g. Suppose 0 = 3*a - o - 3. What is the greatest common divisor of a and 3?
3
Let p be 15/(-10)*(-1 - (-13)/(-3)). Let x = 72 + 2. Let u = 98 - x. What is the highest common divisor of p and u?
8
Let j be 0 + 11 + (1/2 - 30/20). Suppose -4*a = -313 + 93. What is the highest common factor of a and j?
5
Suppose 0 = 4*d, 25*j = 22*j - 2*d + 510. Calculate the greatest common factor of j and 190.
10
Let i = 148 - 124. Let k be i/20 + 25922/65. Calculate the highest common factor of 160 and k.
80
Let t be 7 + (1 - (3 + -3))*-1. Suppose -88 = -10*a + t*a. Let d be 2*-1 + -1 - (13 - a). Calculate the greatest common divisor of d and 12.
6
Let g(c) be the first derivative of c**3/3 - 4*c**2 - 96*c + 44. Let p be g(-9). What is the highest common factor of p and 95?
19
Let l(x) = -13*x**2 + 213*x - 11. Let k be l(16). What is the highest common divisor of 506 and k?
23
Let w be (23 - (-60)/(-24))*78. What is the greatest c